8 = 12*s. List the prime factors of s.
59
Suppose -3*b - 780 = -15*b. What are the prime factors of b?
5, 13
Let i be (0 - 28/(-2)) + -1. Let k(s) = -i - s**2 + 0*s + 0*s + 13*s. List the prime factors of k(11).
3
Suppose -4*c + t = -312, 43 + 35 = c + 2*t. What are the prime factors of c?
2, 3, 13
Let d be (-42)/(-3) + (0 - 2). Let w be (-1 - 0)*-1*d. Suppose 0*x - 2*x + w = 0. What are the prime factors of x?
2, 3
Suppose -4*o - 5 = o. Let b = o + -19. Let a = b + 33. List the prime factors of a.
13
Suppose 49 = 5*o - 46. What are the prime factors of o?
19
Let i(g) = -2*g - 3. Let p(o) = o + 1. Let r(z) = -i(z) - 3*p(z). Let n be r(6). List the prime factors of (-132)/4*2/n.
11
Let o = -5 + 7. Let p be ((o - -1) + -2)*4. Suppose -6*y = -y + 5*g - 40, -17 = -y - p*g. What are the prime factors of y?
5
List the prime factors of 31 - 6*2/(-4).
2, 17
Suppose -6 = -3*i + 4*i. Let z(m) = -m**3 - 6*m**2 - 3*m - 6. Let f be z(i). Suppose h - f = -h. What are the prime factors of h?
2, 3
Let r = 51 - -58. What are the prime factors of r?
109
Suppose 0 = -3*t - 2 + 53. List the prime factors of t.
17
Let j = 1 - -3. Suppose 5*n - 4 = -4*o - 36, 0 = -j*o + 8. Let r = -4 - n. List the prime factors of r.
2
Suppose 0 = 12*m - 5422 + 1006. List the prime factors of m.
2, 23
Let g be (-4)/(-20) + (-58)/(-10). Suppose 0 = g*j - 240 - 18. What are the prime factors of j?
43
Let d(u) = -12*u - 1. Let z be d(-4). Suppose 4*n - n - z = -5*b, 5*b + 16 = 4*n. Suppose -n*a = -6*a - 36. What are the prime factors of a?
2, 3
Let q(s) = s**2 - s - 2. Let w(u) = -u**2 + 5*u + 2. Let n be w(5). Let z be q(n). Let d = z + 13. What are the prime factors of d?
13
Suppose -o + 9*o - 488 = 0. List the prime factors of o.
61
Let w(u) = -u**3 + 8*u**2 + u + 3. Let m be w(6). Suppose -4*g + m = -7. Suppose 5*s - r = 29, 5*s - s - 2*r = g. List the prime factors of s.
2, 3
Suppose 0 = 6*s - 2*s - 248. What are the prime factors of s?
2, 31
Let a(p) = -4*p + 8. List the prime factors of a(-7).
2, 3
Suppose -3*n - 9 = 0, -117 = -5*o + n - 2*n. List the prime factors of o.
2, 3
Suppose 4*c + 20 = 0, -c + 0*c = 3*l - 130. List the prime factors of l.
3, 5
Let t(h) = -h - 6. Let f be t(-10). Let j = f - 2. Suppose -j*r = r - 36. What are the prime factors of r?
2, 3
Suppose 5*x - 4*s = 71, -39 = -x - 4*x - 4*s. Let p = x + -5. List the prime factors of p.
2, 3
Let t(l) = -l**3 + 11*l**2 + 14*l - 9. What are the prime factors of t(12)?
3, 5
Let a = 10 + 1. Suppose 5*p - 7 - 7 = -2*i, p - 4*i = 16. Suppose n - p*l = 8, 2*l = 4*n - a - 7. What are the prime factors of n?
2
Let v be 1*(-3)/(-6)*2. Let w be (0 - 2)/(-2)*v. What are the prime factors of (w + 0)/((-4)/(-20))?
5
Suppose 3*x + 2*x + 31 = 4*u, x - 9 = -3*u. Suppose 0 = -u*m + 6*m - 8. Suppose 76 = m*t + 4*h, -2*t = 2*t + 2*h - 72. List the prime factors of t.
17
List the prime factors of ((-6)/(-18))/((-2)/(-12)).
2
Let z be (-2471)/49 + (-6)/(-14). List the prime factors of (-60)/z*10/4.
3
Let v = -22 + 10. What are the prime factors of (-12)/(-14)*(2 - v)?
2, 3
Let l = -2 - -5. Suppose 4*i - k - 128 = -0*i, -l*k - 136 = -4*i. List the prime factors of i.
31
Suppose -2 = 2*v - 36. What are the prime factors of v?
17
Let o(g) = g**2 + g + 4. Let k be o(4). Let j = -7 + k. List the prime factors of j.
17
Let m(c) = 4*c**3 + 5*c - 15. List the prime factors of m(3).
2, 3
Suppose 0 = 4*p - 0*p + 3*y - 1085, 0 = -3*p - 2*y + 813. What are the prime factors of p?
269
Let f(t) = 5 - t**2 - 4 - 4 + 13*t - 6. What are the prime factors of f(8)?
31
Let b(f) = 12*f - 19. What are the prime factors of b(13)?
137
Suppose 3*l + 22 = -2. Let b(p) = p**2 + 7*p - 5. Let k be b(l). Suppose -k*f - 2 = -4*j - 7, 3*f = j + 8. List the prime factors of f.
3
Let r = 289 - 118. List the prime factors of r.
3, 19
Suppose -145 - 64 = -m. What are the prime factors of m?
11, 19
Let q be (-580)/(-28) + (-4)/(-14). Let z = 0 + q. List the prime factors of z.
3, 7
Suppose d + 23 = 2*d. Let r = d - 18. List the prime factors of r.
5
Let t be -1*(-1 + 3/3). Let b be ((-3)/(-5) - t)*5. Suppose b*j = 44 - 14. List the prime factors of j.
2, 5
Suppose -12*f + 1129 = 301. What are the prime factors of f?
3, 23
Let j(z) = -5*z - 2. What are the prime factors of j(-2)?
2
Suppose -10*x + 20 = -5*x. Suppose 5*c - 2*l + x = 23, -3*c - 3*l = -24. What are the prime factors of c?
5
Let b = 546 - 188. What are the prime factors of b?
2, 179
Suppose -5*r = -2*r. Suppose r = -o + 3 + 2. Let f = o - 1. What are the prime factors of f?
2
Let v(q) be the second derivative of 5*q**4/2 - q**2/2 - 2*q. What are the prime factors of v(1)?
29
Let p(h) = h**3 - h**2 + 2. Let d be p(2). Let n(v) = -2*v + 3. Let y be n(d). Let f(i) = i**3 + 9*i**2 - i - 6. What are the prime factors of f(y)?
3
Let h(b) = -b**3 + 3*b**2 + 1. Let v be h(3). Let f = v - 1. Suppose 0 = 3*d - n - 59, 0*d - 3*d - 5*n + 29 = f. List the prime factors of d.
2, 3
Suppose 0*j = j - 2*c - 12, -4*j - 3*c = -26. Suppose 12*r = j*r + 112. What are the prime factors of r?
2, 7
Suppose 3*o = 406 - 142. Let h = -48 + o. Suppose 2*l - 7*l + h = 3*c, -3*l + 2*c + 5 = 0. List the prime factors of l.
5
Let m be (0 - -3)/(-1 + 2). Suppose 12 = c + m*c. List the prime factors of c.
3
Let l(t) = -t**3 + 20*t**2 + 10*t - 22. List the prime factors of l(20).
2, 89
Suppose 5*v = -3*x + 4*x + 45, v + 3*x = -7. Suppose 4*l + v = 64. List the prime factors of l.
2, 7
Let t(q) be the first derivative of -21*q**4/4 - q**2 - q - 4. What are the prime factors of t(-1)?
2, 11
Let r be (18/3*2)/1. Suppose -4*d + 76 = r. What are the prime factors of d?
2
Suppose f - 13 = -5*m, 8 = m - 0*f + 2*f. Let d(v) = v**3 + 4*v**2 - 2*v - 2. What are the prime factors of d(m)?
2, 3
Let m = -3 - -8. Suppose 5 + m = 2*k. List the prime factors of k.
5
Suppose -4*p + 24 = -88. List the prime factors of p.
2, 7
Suppose -4 = -4*v + 28. List the prime factors of v.
2
What are the prime factors of 2/8*-2*-84?
2, 3, 7
Let a = -53 - -97. What are the prime factors of a?
2, 11
Let y(w) = w. Let f be y(-1). Let x be (0 + f)/((-3)/9). Suppose -x*a = 5*t - 9, -18 + 48 = 3*a - 2*t. What are the prime factors of a?
2
Suppose -5*n + 1 = -59. Let q be n/16 - 5/(-4). List the prime factors of ((-6)/15)/(q/(-70)).
2, 7
Suppose -2*k = -3*a + 1, -3*k + 3*a = 4*a - 4. List the prime factors of k/(-1)*(-7 + -3).
2, 5
Let v(i) = 109*i**2 - 4*i + 11. List the prime factors of v(2).
439
Let c(h) = h - 7. Let d be c(6). Let z(o) be the first derivative of 4*o**3 - o**2/2 - o + 1. What are the prime factors of z(d)?
2, 3
Let b = 61 + -93. Let l = -45 - b. Let f = 33 + l. List the prime factors of f.
2, 5
Suppose 5*u = -2*b - 64, 3*u = u. Let a = 51 - b. Suppose i = -4*i - 2*o + a, -19 = -i - o. What are the prime factors of i?
3, 5
Suppose 2*x - 46 = -26. List the prime factors of x.
2, 5
What are the prime factors of (-4552)/(-28) + (-28)/49?
2, 3
Suppose -762 = -3*h - 3*h. List the prime factors of h.
127
Suppose -3*u = -2*w + 50, 8*w - 5*w = -3*u - 30. List the prime factors of (-2)/3 + u/(-3).
2
Let z be ((-24)/9 - -1)*-6. Let c(t) = t**2 - 10*t - 3. Let q be c(z). What are the prime factors of ((-3)/(-2))/(q/(-12))?
2, 3
Let l(o) = 5*o - 2. List the prime factors of l(2).
2
Suppose -5*i + 122 = -3*i. What are the prime factors of i?
61
Suppose -7 = -4*u - v, 1 = -4*u - 5*v + 4. Let y(g) = 0*g**2 - 4*g**3 + 3*g**3 - 3*g + 1 + 5*g**u. List the prime factors of y(3).
2, 5
Let c(v) = -4*v - 9. What are the prime factors of c(-7)?
19
Suppose 0 = -6*t + 4*t + 6. Suppose 2*d = t*d - 3. What are the prime factors of d?
3
Let v(a) = -a + 2. Let b be v(5). Let r = b - -13. List the prime factors of r.
2, 5
Suppose -1618 = -9*w + 38. What are the prime factors of w?
2, 23
Let z be 28 - (-3 + 3 + -1). Let p = z - -4. Suppose -j + 12 = 2*d + 3*j, -j = -4*d + p. What are the prime factors of d?
2
Let s = 9 - 10. List the prime factors of ((-4)/(-10))/(s/(-40)).
2
Let z = 97 + -64. Let q be (-172)/(-22) + 6/z. Suppose -q - 10 = -3*r. List the prime factors of r.
2, 3
Suppose -4*m + 3*w + 177 = -m, 179 = 3*m - 2*w. List the prime factors of m.
61
Let r(l) = -l**3 + 17*l**2 - 14*l + 9. What are the prime factors of r(16)?
41
Let x = 99 + 25. What are the prime factors of x?
2,